
What is -21 (base 15) in base 14?
-23
What is 11 (base 3) in base 14?
4
What is 69 (base 12) in base 16?
51
Convert 3 (base 7) to base 5.
3
What is -156 (base 10) in base 3?
-12210
Convert -10 (base 8) to base 2.
-1000
2 (base 16) to base 10
2
What is 123 (base 4) in base 6?
43
What is 2 (base 5) in base 4?
2
4 (base 7) to base 13
4
Convert -34 (base 8) to base 4.
-130
-2 (base 13) to base 7
-2
2 (base 6) to base 3
2
Convert 8 (base 12) to base 9.
8
4 (base 6) to base 16
4
What is -22 (base 8) in base 2?
-10010
What is -19 (base 11) in base 3?
-202
Convert -18 (base 12) to base 15.
-15
Convert -1002 (base 7) to base 4.
-11121
Convert 8 (base 16) to base 7.
11
-13 (base 11) to base 3
-112
Convert -6 (base 15) to base 13.
-6
Convert -14 (base 10) to base 4.
-32
Convert -1 (base 14) to base 7.
-1
5 (base 15) to base 11
5
440 (base 6) to base 16
a8
What is 7 (base 13) in base 6?
11
Convert 15 (base 14) to base 8.
23
Convert -44 (base 8) to base 6.
-100
What is 113 (base 10) in base 11?
a3
What is 11 (base 3) in base 10?
4
What is 11 (base 2) in base 10?
3
Convert -26 (base 9) to base 10.
-24
2 (base 8) to base 3
2
Convert 25 (base 13) to base 8.
37
Convert 3 (base 15) to base 12.
3
-2 (base 8) to base 11
-2
What is 1 (base 6) in base 7?
1
What is -365 (base 10) in base 9?
-445
Convert -1d (base 16) to base 5.
-104
What is 331 (base 11) in base 7?
1105
What is 2 (base 3) in base 5?
2
Convert -2 (base 13) to base 12.
-2
What is 1001 (base 3) in base 12?
24
Convert -13 (base 13) to base 5.
-31
What is -23 (base 16) in base 14?
-27
Convert -2 (base 7) to base 11.
-2
Convert 1221 (base 3) to base 14.
3a
Convert -40 (base 8) to base 15.
-22
What is -44 (base 6) in base 10?
-28
Convert 92 (base 11) to base 12.
85
-105 (base 6) to base 9
-45
What is 403 (base 7) in base 14?
103
29 (base 10) to base 9
32
What is 249 (base 11) in base 5?
2140
1c (base 15) to base 12
23
What is -4 (base 13) in base 11?
-4
Convert 1e (base 16) to base 7.
42
-17 (base 8) to base 7
-21
2 (base 10) to base 8
2
-24 (base 9) to base 3
-211
12 (base 10) to base 6
20
Convert 158 (base 12) to base 3.
21212
34 (base 11) to base 6
101
What is -33 (base 7) in base 5?
-44
1 (base 3) to base 15
1
35 (base 8) to base 9
32
Convert -1a9 (base 14) to base 8.
-531
0 (base 2) to base 8
0
-2 (base 11) to base 10
-2
-1200 (base 4) to base 2
-1100000
What is 1303 (base 4) in base 11?
a5
What is 10 (base 3) in base 16?
3
Convert 2 (base 8) to base 7.
2
Convert 8 (base 10) to base 14.
8
24 (base 12) to base 16
1c
What is -2 (base 6) in base 15?
-2
Convert -2 (base 12) to base 8.
-2
What is 14 (base 7) in base 16?
b
-7 (base 12) to base 13
-7
What is -1011 (base 4) in base 5?
-234
310 (base 4) to base 2
110100
-22 (base 16) to base 8
-42
What is 31 (base 10) in base 9?
34
What is -2 (base 5) in base 8?
-2
What is -168 (base 10) in base 3?
-20020
What is -10 (base 3) in base 14?
-3
What is 10010 (base 2) in base 6?
30
13 (base 5) to base 10
8
Convert 202 (base 4) to base 5.
114
1 (base 9) to base 3
1
Convert 14a (base 15) to base 2.
100100111
3 (base 12) to base 15
3
What is -64 (base 10) in base 14?
-48
8 (base 15) to base 10
8
Convert 125 (base 7) to base 5.
233
Convert -26 (base 11) to base 8.
-34
Convert -e3 (base 16) to base 3.
-22102
-32 (base 16) to base 10
-50
What is -210 (base 4) in base 10?
-36
What is -7 (base 12) in base 13?
-7
2 (base 15) to base 13
2
What is 1001 (base 2) in base 4?
21
Convert -6 (base 9) to base 6.
-10
Convert 30 (base 4) to base 3.
110
-1 (base 3) to base 4
-1
Convert -7 (base 11) to base 8.
-7
0 (base 5) to base 10
0
83 (base 11) to base 13
70
Convert -7 (base 16) to base 6.
-11
Convert -2a (base 15) to base 16.
-28
What is -242 (base 10) in base 2?
-11110010
-7 (base 13) to base 9
-7
10 (base 5) to base 16
5
What is 43 (base 7) in base 10?
31
Convert 0 (base 12) to base 8.
0
-7 (base 12) to base 10
-7
Convert -4 (base 10) to base 12.
-4
What is -2 (base 4) in base 8?
-2
112 (base 4) to base 11
20
What is 0 (base 13) in base 5?
0
0 (base 5) to base 6
0
Convert 1e (base 16) to base 5.
110
-11 (base 12) to base 14
-d
What is -10010001 (base 2) in base 16?
-91
What is 5 (base 10) in base 7?
5
What is -13 (base 6) in base 2?
-1001
What is 28 (base 13) in base 6?
54
-10000001 (base 2) to base 12
-a9
Convert 2 (base 14) to base 12.
2
3 (base 13) to base 9
3
What is -20 (base 3) in base 10?
-6
132 (base 6) to base 16
38
Convert 1a4 (base 11) to base 6.
1031
Convert -11 (base 2) to base 3.
-10
Convert -64 (base 8) to base 10.
-52
Convert 8 (base 16) to base 15.
8
What is -233 (base 4) in base 2?
-101111
9 (base 10) to base 9
10
Convert -3 (base 4) to base 16.
-3
a (base 13) to base 7
13
16 (base 16) to base 14
18
Convert -2 (base 11) to base 13.
-2
305 (base 10) to base 9
368
-133 (base 4) to base 9
-34
3 (base 12) to base 16
3
What is -407 (base 9) in base 16?
-14b
What is 3 (base 15) in base 3?
10
Convert 3b (base 13) to base 11.
46
Convert 0 (base 3) to base 9.
0
What is b (base 15) in base 11?
10
What is -10 (base 14) in base 13?
-11
4 (base 5) to base 15
4
Convert 140 (base 5) to base 2.
101101
Convert 1 (base 12) to base 14.
1
-1a (base 14) to base 15
-19
What is 116 (base 8) in base 15?
53
1023 (base 4) to base 16
4b
-5 (base 15) to base 3
-12
What is -1 (base 12) in base 16?
-1
What is -2 (base 4) in base 12?
-2
-210 (base 3) to base 4
-111
What is 1 (base 13) in base 10?
1
1 (base 10) to base 9
1
What is -2 (base 4) in base 14?
-2
210 (base 8) to base 11
114
-23 (base 4) to base 9
-12
What is -7 (base 9) in base 3?
-21
Convert -2033 (base 4) to base 10.
-143
-1 (base 4) to base 6
-1
What is 0 (base 9) in base 3?
0
What is -27 (base 9) in base 14?
-1b
18 (base 15) to base 8
27
Convert -10 (base 15) to base 6.
-23
Convert -5 (base 16) to base 3.
-12
Convert 84 (base 11) to base 14.
68
What is -43 (base 11) in base 6?
-115
What is 4 (base 10) in base 12?
4
What is a (base 14) in base 7?
13
Convert 22 (base 10) to base 7.
31
What is -174 (base 16) in base 12?
-270
Convert 3 (base 16) to base 3.
10
Convert 30 (base 12) to base 3.
1100
-11100101 (base 2) to base 7
-445
What is 31 (base 7) in base 8?
26
Convert -27 (base 8) to base 12.
-1b
Convert -27 (base 14) to base 3.
-1022
4 (base 16) to base 14
4
What is 6 (base 14) in base 12?
6
Convert 1101 (base 3) to base 4.
211
What is 18 (base 16) in base 4?
120
Convert -9 (base 12) to base 2.
-1001
Convert 6 (base 7) to base 16.
6
32 (base 5) to base 13
14
-10 (base 8) to base 7
-11
-12 (base 16) to base 10
-18
17 (base 9) to base 3
121
-10 (base 2) to base 6
-2
What is -22 (base 15) in base 4?
-200
-24 (base 15) to base 12
-2a
Convert 1 (base 7) to base 8.
1
Convert 1020 (base 6) to base 15.
103
Convert -a (base 13) to base 8.
-12
What is 95 (base 10) in base 16?
5f
-101001 (base 2) to base 13
-32
Convert 111 (base 2) to base 5.
12
What is -101 (base 4) in base 16?
-11
Convert 1 (base 16) to base 6.
1
Convert -11201 (base 3) to base 10.
-127
What is 0 (base 3) in base 7?
0
-b (base 12) to base 13
-b
2 (base 5) to base 2
10
What is -1c (base 13) in base 2?
-11001
Convert 4 (base 14) to base 8.
4
What is -7 (base 15) in base 12?
-7
Convert 20 (base 7) to base 9.
15
-14 (base 5) to base 16
-9
Convert -5 (base 16) to base 2.
-101
What is 7 (base 11) in base 15?
7
Convert 110 (base 2) to base 12.
6
What is -10 (base 16) in base 8?
-20
Convert -1 (base 8) to base 3.
-1
Convert 212 (base 6) to base 8.
120
Convert 10111110 (base 2) to base 9.
231
What is 13 (base 7) in base 4?
22
0 (base 14) to base 15
0
What is -10 (base 12) in base 8?
-14
Convert 6 (base 13) to base 5.
11
Convert -502 (base 8) to base 10.
-322
-11 (base 15) to base 2
-10000
2 (base 13) to base 7
2
Convert -214 (base 5) to base 2.
-111011
Convert 1a (base 16) to base 14.
1c
6 (base 13) to base 12
6
What is -4 (base 9) in base 5?
-4
-111 (base 3) to base 16
-d
Convert 10 (base 4) to base 13.
4
Convert 25 (base 16) to base 3.
1101
-a (base 16) to base 7
-13
48 (base 14) to base 3
2101
1 (base 12) to base 6
1
What is 63 (base 14) in base 10?
87
-25 (base 9) to base 6
-35
What is -5 (base 11) in base 7?
-5
Convert -120 (base 3) to base 16.
-f
Convert 11 (base 5) to base 16.
6
Convert -2 (base 6) to base 14.
-2
Convert -2 (base 9) to base 10.
-2
Convert -a (base 14